{"id":3217,"date":"2023-01-16T09:59:53","date_gmt":"2023-01-16T08:59:53","guid":{"rendered":"https:\/\/labex-entreprendre.fr\/?page_id=3217"},"modified":"2023-01-16T10:00:18","modified_gmt":"2023-01-16T09:00:18","slug":"membres-annaelle-donnette","status":"publish","type":"page","link":"https:\/\/labex-entreprendre.fr\/?page_id=3217","title":{"rendered":"Membres &#8211; Ana\u00eblle Donnette"},"content":{"rendered":"<p>[et_pb_section fb_built=\u00a0\u00bb1&Prime; _builder_version=\u00a0\u00bb4.16&Prime; _module_preset=\u00a0\u00bbdefault\u00a0\u00bb locked=\u00a0\u00bboff\u00a0\u00bb global_colors_info=\u00a0\u00bb{}\u00a0\u00bb theme_builder_area=\u00a0\u00bbpost_content\u00a0\u00bb][et_pb_row _builder_version=\u00a0\u00bb4.16&Prime; _module_preset=\u00a0\u00bbdefault\u00a0\u00bb global_colors_info=\u00a0\u00bb{}\u00a0\u00bb theme_builder_area=\u00a0\u00bbpost_content\u00a0\u00bb][et_pb_column type=\u00a0\u00bb4_4&Prime; _builder_version=\u00a0\u00bb4.16&Prime; _module_preset=\u00a0\u00bbdefault\u00a0\u00bb global_colors_info=\u00a0\u00bb{}\u00a0\u00bb theme_builder_area=\u00a0\u00bbpost_content\u00a0\u00bb][et_pb_text _builder_version=\u00a0\u00bb4.17.4&Prime; _module_preset=\u00a0\u00bbdefault\u00a0\u00bb text_font=\u00a0\u00bb|600||on|||||\u00a0\u00bb text_text_color=\u00a0\u00bb#18305D\u00a0\u00bb header_3_font=\u00a0\u00bb|700||on|||||\u00a0\u00bb header_3_text_color=\u00a0\u00bb#18305D\u00a0\u00bb hover_enabled=\u00a0\u00bb0&Prime; global_colors_info=\u00a0\u00bb{}\u00a0\u00bb theme_builder_area=\u00a0\u00bbpost_content\u00a0\u00bb sticky_enabled=\u00a0\u00bb0&Prime;]<\/p>\n<h3><span style=\"color: #993366;\">Ana\u00eblle DONNETTE<\/span><\/h3>\n<p>Ma\u00eetre de conf\u00e9rences HDR en droit priv\u00e9 \u00e0 l\u2019universit\u00e9 de Montpellier<\/p>\n<p>[\/et_pb_text][\/et_pb_column][\/et_pb_row][et_pb_row column_structure=\u00a0\u00bb1_3,2_3&Prime; custom_padding_last_edited=\u00a0\u00bbon|desktop\u00a0\u00bb module_class=\u00a0\u00bbprofiles\u00a0\u00bb _builder_version=\u00a0\u00bb4.16&Prime; _module_preset=\u00a0\u00bbdefault\u00a0\u00bb background_color=\u00a0\u00bbRGBA(0,0,0,0)\u00a0\u00bb custom_margin=\u00a0\u00bb40px||||false|false\u00a0\u00bb custom_padding=\u00a0\u00bb0px|0px|0px|0px|true|true\u00a0\u00bb custom_padding_tablet=\u00a0\u00bb80px|80px|80px|80px|true|true\u00a0\u00bb custom_padding_phone=\u00a0\u00bb0px|0px|0px|0px|true|true\u00a0\u00bb locked=\u00a0\u00bboff\u00a0\u00bb global_colors_info=\u00a0\u00bb{}\u00a0\u00bb theme_builder_area=\u00a0\u00bbpost_content\u00a0\u00bb][et_pb_column type=\u00a0\u00bb1_3&Prime; _builder_version=\u00a0\u00bb4.16&Prime; _module_preset=\u00a0\u00bbdefault\u00a0\u00bb background_enable_image=\u00a0\u00bboff\u00a0\u00bb global_colors_info=\u00a0\u00bb{}\u00a0\u00bb theme_builder_area=\u00a0\u00bbpost_content\u00a0\u00bb][et_pb_image src=\u00a0\u00bbhttps:\/\/labex-entreprendre.fr\/wp-content\/uploads\/2023\/01\/annaelle-donnette.png\u00a0\u00bb title_text=\u00a0\u00bbannaelle donnette\u00a0\u00bb _builder_version=\u00a0\u00bb4.17.4&Prime; _module_preset=\u00a0\u00bbdefault\u00a0\u00bb hover_enabled=\u00a0\u00bb0&Prime; global_colors_info=\u00a0\u00bb{}\u00a0\u00bb theme_builder_area=\u00a0\u00bbpost_content\u00a0\u00bb sticky_enabled=\u00a0\u00bb0&Prime;][\/et_pb_image][et_pb_text _builder_version=\u00a0\u00bb4.17.4&Prime; _module_preset=\u00a0\u00bbdefault\u00a0\u00bb text_font=\u00a0\u00bbSource Sans Pro||||||||\u00a0\u00bb text_text_color=\u00a0\u00bb#18305D\u00a0\u00bb text_line_height=\u00a0\u00bb1.3em\u00a0\u00bb header_font=\u00a0\u00bb|800|||||||\u00a0\u00bb header_text_color=\u00a0\u00bb#8E2DAF\u00a0\u00bb header_2_font=\u00a0\u00bb|800|||||||\u00a0\u00bb header_2_text_color=\u00a0\u00bb#18305D\u00a0\u00bb header_3_font=\u00a0\u00bbSource Sans Pro|700||on|||||\u00a0\u00bb header_3_text_color=\u00a0\u00bb#18305D\u00a0\u00bb header_3_font_size=\u00a0\u00bb18px\u00a0\u00bb hover_enabled=\u00a0\u00bb0&Prime; global_colors_info=\u00a0\u00bb{}\u00a0\u00bb theme_builder_area=\u00a0\u00bbpost_content\u00a0\u00bb sticky_enabled=\u00a0\u00bb0&Prime;]<\/p>\n<h3>Coordonn\u00e9es<\/h3>\n<p>39 rue de l\u2019Universit\u00e9 &#8211; 34000 Montpellier<\/p>\n<p><strong>Email :<\/strong> <a href=\"mailto:anaelle.donnette@umontpellier.fr\">anaelle.donnette[a]umontpellier.fr<\/a><\/p>\n<p><strong>T\u00e9l\u00e9phone :<\/strong> +33 (0)4 34 43 29 95<\/p>\n<p>&nbsp;<\/p>\n<p>[\/et_pb_text][et_pb_button button_url=\u00a0\u00bbhttps:\/\/www.linkedin.com\/in\/ana%C3%ABlle-donnette-b50182150\/?locale=en_US\u00a0\u00bb button_text=\u00a0\u00bbEn savoir plus\u00a0\u00bb button_alignment=\u00a0\u00bbcenter\u00a0\u00bb _builder_version=\u00a0\u00bb4.17.4&Prime; custom_button=\u00a0\u00bbon\u00a0\u00bb button_text_size=\u00a0\u00bb14px\u00a0\u00bb button_text_color=\u00a0\u00bb#FFFFFF\u00a0\u00bb button_bg_color=\u00a0\u00bb#8E2DAF\u00a0\u00bb button_border_width=\u00a0\u00bb0px\u00a0\u00bb button_border_color=\u00a0\u00bb#FFFFFF\u00a0\u00bb button_border_radius=\u00a0\u00bb0px\u00a0\u00bb button_letter_spacing=\u00a0\u00bb1px\u00a0\u00bb button_font=\u00a0\u00bb|700||on|||||\u00a0\u00bb button_icon=\u00a0\u00bb&#xf061;||fa||900&Prime; custom_margin=\u00a0\u00bb0px||||false|false\u00a0\u00bb custom_padding=\u00a0\u00bb14px|40px|14px|40px|true|false\u00a0\u00bb hover_enabled=\u00a0\u00bb0&Prime; locked=\u00a0\u00bboff\u00a0\u00bb global_colors_info=\u00a0\u00bb{}\u00a0\u00bb button_bg_color__hover_enabled=\u00a0\u00bbon\u00a0\u00bb box_shadow_vertical__hover=\u00a0\u00bb200px\u00a0\u00bb box_shadow_horizontal__hover_enabled=\u00a0\u00bbon\u00a0\u00bb box_shadow_horizontal__hover=\u00a0\u00bb350px\u00a0\u00bb button_text_color__hover_enabled=\u00a0\u00bbon|hover\u00a0\u00bb button_text_color__hover=\u00a0\u00bb#56BADE\u00a0\u00bb button_bg_color__hover=\u00a0\u00bbrgba(255,255,255,0)\u00a0\u00bb theme_builder_area=\u00a0\u00bbpost_content\u00a0\u00bb sticky_enabled=\u00a0\u00bb0&Prime;][\/et_pb_button][\/et_pb_column][et_pb_column type=\u00a0\u00bb2_3&Prime; _builder_version=\u00a0\u00bb4.16&Prime; _module_preset=\u00a0\u00bbdefault\u00a0\u00bb background_enable_image=\u00a0\u00bboff\u00a0\u00bb global_colors_info=\u00a0\u00bb{}\u00a0\u00bb theme_builder_area=\u00a0\u00bbpost_content\u00a0\u00bb][et_pb_text _builder_version=\u00a0\u00bb4.17.4&Prime; _module_preset=\u00a0\u00bbdefault\u00a0\u00bb text_font=\u00a0\u00bbSource Sans Pro||||||||\u00a0\u00bb text_text_color=\u00a0\u00bb#18305D\u00a0\u00bb text_line_height=\u00a0\u00bb1.3em\u00a0\u00bb header_font=\u00a0\u00bb|800|||||||\u00a0\u00bb header_text_color=\u00a0\u00bb#8E2DAF\u00a0\u00bb header_2_font=\u00a0\u00bb|800|||||||\u00a0\u00bb header_2_text_color=\u00a0\u00bb#18305D\u00a0\u00bb header_3_font=\u00a0\u00bbSource Sans Pro|700||on|||||\u00a0\u00bb header_3_text_color=\u00a0\u00bb#18305D\u00a0\u00bb header_3_font_size=\u00a0\u00bb18px\u00a0\u00bb hover_enabled=\u00a0\u00bb0&Prime; global_colors_info=\u00a0\u00bb{}\u00a0\u00bb theme_builder_area=\u00a0\u00bbpost_content\u00a0\u00bb sticky_enabled=\u00a0\u00bb0&Prime;]<\/p>\n<p><strong>FONCTIONS<\/strong><\/p>\n<ul>\n<li>MA\u00ceTRE DE CONF\u00c9RENCES HDR EN DROIT PRIV\u00c9<\/li>\n<li>Co-directrice du Master Droit et pratique des relations de travail<\/li>\n<li>Co-responsable du DU Certificat d&rsquo;\u00e9tudes sp\u00e9cialis\u00e9es en Droit social<\/li>\n<li>Responsable du DU Droit social et entreprises internationales<\/li>\n<li>Responsable du DU Droit social et entreprises en difficult\u00e9<\/li>\n<li>Membre nomm\u00e9 de la section 01 du CNU<\/li>\n<li>Membre \u00e9lu de la Commission RH Droit, Science politique et Administration &#8211; P\u00f4le Recherche de l\u2019Universit\u00e9 de Montpellier<\/li>\n<\/ul>\n<p><strong><\/strong><\/p>\n<p><strong><\/strong><\/p>\n<p><strong>FORMATION<\/strong><\/p>\n<ul>\n<li>Habilitation \u00e0 diriger des recherches (2020)\u00a0: Vers un droit social des entreprises en difficult\u00e9<\/li>\n<li>Doctorat en droit priv\u00e9 et sciences criminelles (2010)\u00a0: La contractualisation en droit du travail<\/li>\n<\/ul>\n<p><strong><\/strong><\/p>\n<p><strong><\/strong><\/p>\n<p><strong>TH\u00c9MATIQUE(S) DE RECHERCHE<\/strong><\/p>\n<p>Mes recherches portent sur le droit du travail, le droit social des entreprises en difficult\u00e9 et le droit social international et europ\u00e9en.<\/p>\n<p><strong>\u00a0<\/strong><\/p>\n<p><strong>PRINCIPALES PUBLICATIONS<\/strong><\/p>\n<p><strong>En fran\u00e7ais <\/strong><\/p>\n<ul>\n<li><em>Entreprises en difficult\u00e9<\/em>, Manuel, LGDJ, 2022, avec F. P\u00e9rochon et alii.<\/li>\n<li><em>Entreprises en difficult\u00e9<\/em>, Exercices pratiques, LGDJ, 2016, avec F. P\u00e9rochon.<\/li>\n<li><em>Le\u00e7ons de Droit social international et europ\u00e9en<\/em>, Ellipses, 2015, 1<sup>re<\/sup> \u00e9d.<\/li>\n<li>Jurisprudence de la CJUE sur le contrat de travail \u00e0 dur\u00e9e d\u00e9termin\u00e9e, <em>RDUE<\/em> 3-2022, p. 190.<\/li>\n<li>Covid-19 et am\u00e9nagements du droit du travail des entreprises en difficult\u00e9, <em>P\u00f4le Sud<\/em>, 2022\/01, n\u00b0 56.<\/li>\n<li>L\u2019autonomie du travailleur subordonn\u00e9, <em>BJT<\/em> 2021\/07, p. 49, n\u00b0 200j6.<\/li>\n<li>Les relations de travail et le droit des proc\u00e9dures collectives. Pour un droit du travail des entreprises en difficult\u00e9, <em>JCP E<\/em> 2021, 1190.<\/li>\n<li>Accord de m\u00e9thode de n\u00e9gociation (g\u00e9n\u00e9ral et sp\u00e9cifique), acte du colloque \u00ab\u00a0Pratiques innovantes de la n\u00e9gociation d\u2019entreprise\u00a0\u00bb, Ecole de droit social de Montpellier, Universit\u00e9 de Montpellier, 7 juin 2019, <em>BJT<\/em> 2019\/10, p. 80, n\u00b0 112d0.<\/li>\n<li>RSE et d\u00e9tachement, in Les aspects sociaux de la responsabilit\u00e9 sociale des entreprises, <em>RLDA<\/em> 2019\/150, p. 29, n\u00b0 6762.<\/li>\n<li>D\u00e9tachement et int\u00e9rim, in La r\u00e9forme du droit du d\u00e9tachement, <em>BJT<\/em> 2018, p. 206, n\u00b0 110q3.<\/li>\n<li>Les aspects de droit social de l\u2019ordonnance du 2 novembre 2017, in L\u2019adaptation du droit fran\u00e7ais au r\u00e8glement <em>Insolvabilit\u00e9 bis<\/em>: quels choix pour quelle efficacit\u00e9\u00a0?, <em>BJE<\/em> mars 2018, p. 150, n\u00b0 115q9.<\/li>\n<li>Le droit d\u2019alerte du comit\u00e9 d\u2019entreprise, acte du colloque \u00ab\u00a0Entreprises en difficult\u00e9 et relations de travail\u00a0\u00bb, Ecole de droit social de Montpellier, Universit\u00e9 de Montpellier, 5 juin 2015, <em>Les Cahiers sociaux<\/em> 2015\/277, p. 455, n\u00b0 116t5.<\/li>\n<li>La succession abusive de CDD devant le Conseil d\u2019Etat, <em>RLDA<\/em> 2015\/105, 38, n\u00b0 5626.<\/li>\n<li>La n\u00e9gociation d\u2019une modification du contrat de travail \u2013 Modification pour motif personnel, in <em>La n\u00e9gociation de la force de travail<\/em>, dir. F. Petit, \u00e9d. Universitaires d\u2019Avignon, coll. En-jeux, 2015, p. 145.<\/li>\n<li>Le travail de nuit et le travail dominical devant le Conseil constitutionnel, Un parfum de qui\u00e9tude, une pointe de remise en cause\u2026, <em>RLDA<\/em> 2014\/94, p. 48, n\u00b0 5164.<\/li>\n<li>Droit des entreprises en difficult\u00e9 et droit du travail\u00a0: tentative de clarifications, <em>BJE<\/em> mai 2014, p. 203, n\u00b0 111c7.<\/li>\n<li>Retour sur l\u2019exigence majoritaire dans la n\u00e9gociation collective. R\u00e9flexions \u00e0 partir de la d\u00e9finition de la majorit\u00e9 d\u2019opposition, <em>RLDA<\/em> 2013\/87, p. 49, n\u00b0 4833.<\/li>\n<li>Un pas de plus en faveur d\u2019un droit du travail des entreprises en difficult\u00e9, <em> proc. coll. <\/em>2013, n\u00b0 4, p. 26, \u00e9tude 21. <strong><\/strong><\/li>\n<li>La notion de \u00ab\u00a0cr\u00e9ances de salaires\u00a0\u00bb au sens des articles L. 622-17, III, 1\u00b0 et L. 641-13, III, 1\u00b0 du Code de commerce, <em>BJE<\/em> 2012, p. 385, n\u00b0 169.<\/li>\n<li>L\u2019alerte du comit\u00e9 d\u2019entreprise\u00a0: une libert\u00e9 surveill\u00e9e, <em>BJE<\/em> 2012, p. 259, n\u00b0 116.<\/li>\n<li>Conflit de lois et contrat de travail, <em>RAE <\/em>2011\/3, p. 565.<\/li>\n<li>L\u2019impact du droit public sur le droit priv\u00e9 du travail, <em>JCP S<\/em> 2010, 1464.<\/li>\n<li>\u00c0 propos d\u2019une rencontre mouvement\u00e9e entre droit social et droit du march\u00e9\u00a0: les arr\u00eats <em>Viking<\/em>, <em>Laval<\/em>, <em>R\u00fcffert<\/em> et <em>Luxembourg<\/em>, <em>RAE <\/em>2007-2008\/2, p. 341.<strong style=\"font-size: 14px;\">\u00a0<\/strong><\/li>\n<\/ul>\n<p><strong>En anglais\u00a0<\/strong><\/p>\n<ul>\n<li>L\u2019ann\u00e9e de droit social &#8211; France, Global Legal Insights \u2013 Employment and labour law, GLG, 2022, p 44-53.<\/li>\n<li>L\u2019ann\u00e9e de droit social &#8211; France, Global Legal Insights \u2013 Employment and labour law, GLG, 2021, p. 27-36.<\/li>\n<li>L\u2019ann\u00e9e de droit social &#8211; France, Global Legal Insights \u2013 Employment and labour law, GLG, 2020, p. 93-101.<\/li>\n<li>L\u2019ann\u00e9e de droit social &#8211; France, Global Legal Insights \u2013 Employment and labour law, GLG, 2019, p. 98-108.<\/li>\n<li>L\u2019ann\u00e9e de droit social &#8211; France, Global Legal Insights \u2013 Employment and labour law, GLG, 2018, 68-78.<\/li>\n<\/ul>\n<p><strong><\/strong><\/p>\n<p><strong><\/strong><\/p>\n<p><strong>ENSEIGNEMENTS<\/strong><\/p>\n<p>Mes enseignements portent sur le droit du travail, le droit social des entreprises en difficult\u00e9 et le droit social international et europ\u00e9en.<\/p>\n<p><strong><\/strong><\/p>\n<p><strong><\/strong><\/p>\n<p><strong>TRANSFERT ET VALORISATION DE LA RECHERCHE<\/strong><\/p>\n<ul>\n<li>Participation \u00e0 Colloques, journ\u00e9es d\u2019\u00e9tudes et tables rondes<\/li>\n<li>Direction scientifique et organisation de Colloques, journ\u00e9es d\u2019\u00e9tudes et tables rondes<\/li>\n<li>Direction de th\u00e8ses de doctorat<\/li>\n<li>Direction de m\u00e9moires de master et encadrement de projets tutor\u00e9s de master<\/li>\n<\/ul>\n<p>[\/et_pb_text][\/et_pb_column][\/et_pb_row][\/et_pb_section]<\/p>\n","protected":false},"excerpt":{"rendered":"<p>Ana\u00eblle DONNETTE Ma\u00eetre de conf\u00e9rences HDR en droit priv\u00e9 \u00e0 l\u2019universit\u00e9 de MontpellierCoordonn\u00e9es 39 rue de l\u2019Universit\u00e9 &#8211; 34000 Montpellier Email : anaelle.donnette[a]umontpellier.fr T\u00e9l\u00e9phone : +33 (0)4 34 43 29 95 &nbsp;FONCTIONS MA\u00ceTRE DE CONF\u00c9RENCES HDR EN DROIT PRIV\u00c9 Co-directrice du Master Droit et pratique des relations de travail Co-responsable du DU Certificat d&rsquo;\u00e9tudes sp\u00e9cialis\u00e9es [&hellip;]<\/p>\n","protected":false},"author":4,"featured_media":0,"parent":0,"menu_order":0,"comment_status":"closed","ping_status":"closed","template":"","meta":{"_et_pb_use_builder":"on","_et_pb_old_content":"","_et_gb_content_width":"","footnotes":""},"class_list":["post-3217","page","type-page","status-publish","hentry"],"yoast_head":"<!-- This site is optimized with the Yoast SEO plugin v23.4 - https:\/\/yoast.com\/wordpress\/plugins\/seo\/ -->\n<title>Membres - Ana\u00eblle Donnette - Lab Entreprendre<\/title>\n<meta name=\"robots\" content=\"index, follow, max-snippet:-1, max-image-preview:large, max-video-preview:-1\" \/>\n<link rel=\"canonical\" href=\"https:\/\/labex-entreprendre.fr\/?page_id=3217\" \/>\n<meta property=\"og:locale\" content=\"fr_FR\" \/>\n<meta property=\"og:type\" content=\"article\" \/>\n<meta property=\"og:title\" content=\"Membres - Ana\u00eblle Donnette - Lab Entreprendre\" \/>\n<meta property=\"og:description\" content=\"Ana\u00eblle DONNETTE Ma\u00eetre de conf\u00e9rences HDR en droit priv\u00e9 \u00e0 l\u2019universit\u00e9 de MontpellierCoordonn\u00e9es 39 rue de l\u2019Universit\u00e9 - 34000 Montpellier Email : anaelle.donnette[a]umontpellier.fr T\u00e9l\u00e9phone : +33 (0)4 34 43 29 95 &nbsp;FONCTIONS MA\u00ceTRE DE CONF\u00c9RENCES HDR EN DROIT PRIV\u00c9 Co-directrice du Master Droit et pratique des relations de travail Co-responsable du DU Certificat d&#039;\u00e9tudes sp\u00e9cialis\u00e9es [&hellip;]\" \/>\n<meta property=\"og:url\" content=\"https:\/\/labex-entreprendre.fr\/?page_id=3217\" \/>\n<meta property=\"og:site_name\" content=\"Lab Entreprendre\" \/>\n<meta property=\"article:modified_time\" content=\"2023-01-16T09:00:18+00:00\" \/>\n<meta name=\"twitter:card\" content=\"summary_large_image\" \/>\n<meta name=\"twitter:label1\" content=\"Dur\u00e9e de lecture estim\u00e9e\" \/>\n\t<meta name=\"twitter:data1\" content=\"6 minutes\" \/>\n<script type=\"application\/ld+json\" class=\"yoast-schema-graph\">{\"@context\":\"https:\/\/schema.org\",\"@graph\":[{\"@type\":\"WebPage\",\"@id\":\"https:\/\/labex-entreprendre.fr\/?page_id=3217\",\"url\":\"https:\/\/labex-entreprendre.fr\/?page_id=3217\",\"name\":\"Membres - Ana\u00eblle Donnette - Lab Entreprendre\",\"isPartOf\":{\"@id\":\"https:\/\/labex-entreprendre.fr\/#website\"},\"datePublished\":\"2023-01-16T08:59:53+00:00\",\"dateModified\":\"2023-01-16T09:00:18+00:00\",\"breadcrumb\":{\"@id\":\"https:\/\/labex-entreprendre.fr\/?page_id=3217#breadcrumb\"},\"inLanguage\":\"fr-FR\",\"potentialAction\":[{\"@type\":\"ReadAction\",\"target\":[\"https:\/\/labex-entreprendre.fr\/?page_id=3217\"]}]},{\"@type\":\"BreadcrumbList\",\"@id\":\"https:\/\/labex-entreprendre.fr\/?page_id=3217#breadcrumb\",\"itemListElement\":[{\"@type\":\"ListItem\",\"position\":1,\"name\":\"Home\",\"item\":\"https:\/\/labex-entreprendre.fr\/\"},{\"@type\":\"ListItem\",\"position\":2,\"name\":\"Membres &#8211; Ana\u00eblle Donnette\"}]},{\"@type\":\"WebSite\",\"@id\":\"https:\/\/labex-entreprendre.fr\/#website\",\"url\":\"https:\/\/labex-entreprendre.fr\/\",\"name\":\"Lab Entreprendre\",\"description\":\"Universit\u00e9 de Montpellier\",\"potentialAction\":[{\"@type\":\"SearchAction\",\"target\":{\"@type\":\"EntryPoint\",\"urlTemplate\":\"https:\/\/labex-entreprendre.fr\/?s={search_term_string}\"},\"query-input\":{\"@type\":\"PropertyValueSpecification\",\"valueRequired\":true,\"valueName\":\"search_term_string\"}}],\"inLanguage\":\"fr-FR\"}]}<\/script>\n<!-- \/ Yoast SEO plugin. -->","yoast_head_json":{"title":"Membres - Ana\u00eblle Donnette - Lab Entreprendre","robots":{"index":"index","follow":"follow","max-snippet":"max-snippet:-1","max-image-preview":"max-image-preview:large","max-video-preview":"max-video-preview:-1"},"canonical":"https:\/\/labex-entreprendre.fr\/?page_id=3217","og_locale":"fr_FR","og_type":"article","og_title":"Membres - Ana\u00eblle Donnette - Lab Entreprendre","og_description":"Ana\u00eblle DONNETTE Ma\u00eetre de conf\u00e9rences HDR en droit priv\u00e9 \u00e0 l\u2019universit\u00e9 de MontpellierCoordonn\u00e9es 39 rue de l\u2019Universit\u00e9 - 34000 Montpellier Email : anaelle.donnette[a]umontpellier.fr T\u00e9l\u00e9phone : +33 (0)4 34 43 29 95 &nbsp;FONCTIONS MA\u00ceTRE DE CONF\u00c9RENCES HDR EN DROIT PRIV\u00c9 Co-directrice du Master Droit et pratique des relations de travail Co-responsable du DU Certificat d'\u00e9tudes sp\u00e9cialis\u00e9es [&hellip;]","og_url":"https:\/\/labex-entreprendre.fr\/?page_id=3217","og_site_name":"Lab Entreprendre","article_modified_time":"2023-01-16T09:00:18+00:00","twitter_card":"summary_large_image","twitter_misc":{"Dur\u00e9e de lecture estim\u00e9e":"6 minutes"},"schema":{"@context":"https:\/\/schema.org","@graph":[{"@type":"WebPage","@id":"https:\/\/labex-entreprendre.fr\/?page_id=3217","url":"https:\/\/labex-entreprendre.fr\/?page_id=3217","name":"Membres - Ana\u00eblle Donnette - Lab Entreprendre","isPartOf":{"@id":"https:\/\/labex-entreprendre.fr\/#website"},"datePublished":"2023-01-16T08:59:53+00:00","dateModified":"2023-01-16T09:00:18+00:00","breadcrumb":{"@id":"https:\/\/labex-entreprendre.fr\/?page_id=3217#breadcrumb"},"inLanguage":"fr-FR","potentialAction":[{"@type":"ReadAction","target":["https:\/\/labex-entreprendre.fr\/?page_id=3217"]}]},{"@type":"BreadcrumbList","@id":"https:\/\/labex-entreprendre.fr\/?page_id=3217#breadcrumb","itemListElement":[{"@type":"ListItem","position":1,"name":"Home","item":"https:\/\/labex-entreprendre.fr\/"},{"@type":"ListItem","position":2,"name":"Membres &#8211; Ana\u00eblle Donnette"}]},{"@type":"WebSite","@id":"https:\/\/labex-entreprendre.fr\/#website","url":"https:\/\/labex-entreprendre.fr\/","name":"Lab Entreprendre","description":"Universit\u00e9 de Montpellier","potentialAction":[{"@type":"SearchAction","target":{"@type":"EntryPoint","urlTemplate":"https:\/\/labex-entreprendre.fr\/?s={search_term_string}"},"query-input":{"@type":"PropertyValueSpecification","valueRequired":true,"valueName":"search_term_string"}}],"inLanguage":"fr-FR"}]}},"_links":{"self":[{"href":"https:\/\/labex-entreprendre.fr\/index.php?rest_route=\/wp\/v2\/pages\/3217","targetHints":{"allow":["GET"]}}],"collection":[{"href":"https:\/\/labex-entreprendre.fr\/index.php?rest_route=\/wp\/v2\/pages"}],"about":[{"href":"https:\/\/labex-entreprendre.fr\/index.php?rest_route=\/wp\/v2\/types\/page"}],"author":[{"embeddable":true,"href":"https:\/\/labex-entreprendre.fr\/index.php?rest_route=\/wp\/v2\/users\/4"}],"replies":[{"embeddable":true,"href":"https:\/\/labex-entreprendre.fr\/index.php?rest_route=%2Fwp%2Fv2%2Fcomments&post=3217"}],"version-history":[{"count":3,"href":"https:\/\/labex-entreprendre.fr\/index.php?rest_route=\/wp\/v2\/pages\/3217\/revisions"}],"predecessor-version":[{"id":3223,"href":"https:\/\/labex-entreprendre.fr\/index.php?rest_route=\/wp\/v2\/pages\/3217\/revisions\/3223"}],"wp:attachment":[{"href":"https:\/\/labex-entreprendre.fr\/index.php?rest_route=%2Fwp%2Fv2%2Fmedia&parent=3217"}],"curies":[{"name":"wp","href":"https:\/\/api.w.org\/{rel}","templated":true}]}}