{"id":2293,"date":"2022-02-02T12:55:59","date_gmt":"2022-02-02T11:55:59","guid":{"rendered":"https:\/\/labex-entreprendre.online\/?page_id=2293"},"modified":"2022-02-02T12:56:00","modified_gmt":"2022-02-02T11:56:00","slug":"soutenances-de-these","status":"publish","type":"page","link":"https:\/\/labex-entreprendre.fr\/?page_id=2293","title":{"rendered":"Soutenances de th\u00e8se"},"content":{"rendered":"\n[et_pb_section fb_built=\u00a0\u00bb1&Prime; theme_builder_area=\u00a0\u00bbpost_content\u00a0\u00bb _builder_version=\u00a0\u00bb4.13.1&Prime; _module_preset=\u00a0\u00bbdefault\u00a0\u00bb][et_pb_row _builder_version=\u00a0\u00bb4.13.1&Prime; _module_preset=\u00a0\u00bbdefault\u00a0\u00bb column_structure=\u00a0\u00bb1_3,1_3,1_3&Prime; theme_builder_area=\u00a0\u00bbpost_content\u00a0\u00bb background_color=\u00a0\u00bbRGBA(0,0,0,0)\u00a0\u00bb title_text=\u00a0\u00bbPhD\u00a0\u00bb background_image=\u00a0\u00bbhttps:\/\/labex-entreprendre.online\/wp-content\/uploads\/2022\/02\/PhD-1.jpg\u00a0\u00bb hover_enabled=\u00a0\u00bb0&Prime; sticky_enabled=\u00a0\u00bb0&Prime; parallax=\u00a0\u00bbon\u00a0\u00bb][et_pb_column _builder_version=\u00a0\u00bb4.13.1&Prime; _module_preset=\u00a0\u00bbdefault\u00a0\u00bb type=\u00a0\u00bb1_3&Prime; theme_builder_area=\u00a0\u00bbpost_content\u00a0\u00bb][et_pb_slider _builder_version=\u00a0\u00bb4.13.1&Prime; _module_preset=\u00a0\u00bbdefault\u00a0\u00bb theme_builder_area=\u00a0\u00bbpost_content\u00a0\u00bb background_color=\u00a0\u00bb#18305D\u00a0\u00bb hover_enabled=\u00a0\u00bb0&Prime; sticky_enabled=\u00a0\u00bb0&Prime;][et_pb_slide heading=\u00a0\u00bbArnaud Lucchini \u00a0\u00bb button_text=\u00a0\u00bbPlus d&rsquo;informations\u00a0\u00bb _builder_version=\u00a0\u00bb4.13.1&Prime; _module_preset=\u00a0\u00bbdefault\u00a0\u00bb theme_builder_area=\u00a0\u00bbpost_content\u00a0\u00bb hover_enabled=\u00a0\u00bb0&Prime; sticky_enabled=\u00a0\u00bb0&Prime;]<p>30 novembre 2021<\/p>\n<p><em>Le concours entre conventions et accords collectifs de travail<\/em><\/p>\n<p><span><\/span><\/p>\n<p><span><\/span><\/p>\n<p><span><img loading=\"lazy\" decoding=\"async\" src=\"https:\/\/labex-entreprendre.online\/wp-content\/uploads\/2022\/02\/A.Lucciani-300x225.jpeg\" width=\"300\" height=\"225\" alt=\"\" class=\"wp-image-2296 alignnone size-medium\" \/><\/span><\/p>[\/et_pb_slide][\/et_pb_slider][\/et_pb_column][et_pb_column _builder_version=\u00a0\u00bb4.13.1&Prime; _module_preset=\u00a0\u00bbdefault\u00a0\u00bb type=\u00a0\u00bb1_3&Prime; theme_builder_area=\u00a0\u00bbpost_content\u00a0\u00bb][et_pb_slider _builder_version=\u00a0\u00bb4.13.1&Prime; _module_preset=\u00a0\u00bbdefault\u00a0\u00bb theme_builder_area=\u00a0\u00bbpost_content\u00a0\u00bb hover_enabled=\u00a0\u00bb0&Prime; sticky_enabled=\u00a0\u00bb0&Prime;][et_pb_slide heading=\u00a0\u00bbMireille HERAL \u00a0\u00bb button_text=\u00a0\u00bbPlus d&rsquo;informations\u00a0\u00bb _builder_version=\u00a0\u00bb4.13.1&Prime; _module_preset=\u00a0\u00bbdefault\u00a0\u00bb theme_builder_area=\u00a0\u00bbpost_content\u00a0\u00bb background_color=\u00a0\u00bb#18305D\u00a0\u00bb background_enable_color=\u00a0\u00bbon\u00a0\u00bb hover_enabled=\u00a0\u00bb0&Prime; sticky_enabled=\u00a0\u00bb0&Prime;]<p>02 d\u00e9cembre 2021<\/p>\n<p><em>Accompagnement \u00e0 l\u2019International des strat\u00e9gies coop\u00e9ratives : Le cas des Eco-PME<\/em><\/p>\n<p><img loading=\"lazy\" decoding=\"async\" src=\"https:\/\/labex-entreprendre.online\/wp-content\/uploads\/2022\/02\/Mireille-HERAL-300x225.jpeg\" width=\"300\" height=\"225\" alt=\"\" class=\"wp-image-2298 alignnone size-medium\" \/><span><\/span><\/p>[\/et_pb_slide][\/et_pb_slider][\/et_pb_column][et_pb_column _builder_version=\u00a0\u00bb4.13.1&Prime; _module_preset=\u00a0\u00bbdefault\u00a0\u00bb type=\u00a0\u00bb1_3&Prime; theme_builder_area=\u00a0\u00bbpost_content\u00a0\u00bb][et_pb_slider _builder_version=\u00a0\u00bb4.13.1&Prime; _module_preset=\u00a0\u00bbdefault\u00a0\u00bb theme_builder_area=\u00a0\u00bbpost_content\u00a0\u00bb hover_enabled=\u00a0\u00bb0&Prime; sticky_enabled=\u00a0\u00bb0&Prime;][et_pb_slide heading=\u00a0\u00bbEmna Maaloul\u00a0\u00bb button_text=\u00a0\u00bbPlus d&rsquo;informations\u00a0\u00bb _builder_version=\u00a0\u00bb4.13.1&Prime; _module_preset=\u00a0\u00bbdefault\u00a0\u00bb theme_builder_area=\u00a0\u00bbpost_content\u00a0\u00bb background_color=\u00a0\u00bb#18305D\u00a0\u00bb background_enable_color=\u00a0\u00bbon\u00a0\u00bb hover_enabled=\u00a0\u00bb0&Prime; sticky_enabled=\u00a0\u00bb0&Prime;]<p>01 d\u00e9cembre 2021<\/p>\n<p><em>D\u00e9sengagement soci\u00e9tal du dirigeant de PME Approche comportementale et processuelle<\/em><\/p>\n<p><span><img loading=\"lazy\" decoding=\"async\" src=\"https:\/\/labex-entreprendre.online\/wp-content\/uploads\/2022\/02\/Emna-Maaloul-300x225.jpeg\" width=\"300\" height=\"225\" alt=\"\" class=\"wp-image-2300 alignnone size-medium\" \/><\/span><\/p>[\/et_pb_slide][\/et_pb_slider][\/et_pb_column][\/et_pb_row][\/et_pb_section]\n","protected":false},"excerpt":{"rendered":"<p>30 novembre 2021 Le concours entre conventions et accords collectifs de travail 02 d\u00e9cembre 2021 Accompagnement \u00e0 l\u2019International des strat\u00e9gies coop\u00e9ratives : Le cas des Eco-PME 01 d\u00e9cembre 2021 D\u00e9sengagement soci\u00e9tal du dirigeant de PME Approche comportementale et processuelle<\/p>\n","protected":false},"author":3,"featured_media":0,"parent":0,"menu_order":0,"comment_status":"closed","ping_status":"closed","template":"","meta":{"_et_pb_use_builder":"on","_et_pb_old_content":"","_et_gb_content_width":"","footnotes":""},"class_list":["post-2293","page","type-page","status-publish","hentry"],"yoast_head":"<!-- This site is optimized with the Yoast SEO plugin v23.4 - https:\/\/yoast.com\/wordpress\/plugins\/seo\/ -->\n<title>Soutenances de th\u00e8se - Lab Entreprendre<\/title>\n<meta name=\"description\" content=\"Soutenances de th\u00e8se des doctorants du LabEx Entreprendre\" \/>\n<meta name=\"robots\" content=\"index, follow, max-snippet:-1, max-image-preview:large, max-video-preview:-1\" \/>\n<link rel=\"canonical\" href=\"https:\/\/labex-entreprendre.fr\/?page_id=2293\" \/>\n<meta property=\"og:locale\" content=\"fr_FR\" \/>\n<meta property=\"og:type\" content=\"article\" \/>\n<meta property=\"og:title\" content=\"Soutenances de th\u00e8se - Lab Entreprendre\" \/>\n<meta property=\"og:description\" content=\"Soutenances de th\u00e8se des doctorants du LabEx Entreprendre\" \/>\n<meta property=\"og:url\" content=\"https:\/\/labex-entreprendre.fr\/?page_id=2293\" \/>\n<meta property=\"og:site_name\" content=\"Lab Entreprendre\" \/>\n<meta property=\"article:modified_time\" content=\"2022-02-02T11:56:00+00:00\" \/>\n<meta property=\"og:image\" content=\"https:\/\/labex-entreprendre.online\/wp-content\/uploads\/2022\/02\/A.Lucciani-300x225.jpeg\" \/>\n<meta name=\"twitter:card\" content=\"summary_large_image\" \/>\n<meta name=\"twitter:label1\" content=\"Dur\u00e9e de lecture estim\u00e9e\" \/>\n\t<meta name=\"twitter:data1\" content=\"2 minutes\" \/>\n<script type=\"application\/ld+json\" class=\"yoast-schema-graph\">{\"@context\":\"https:\/\/schema.org\",\"@graph\":[{\"@type\":\"WebPage\",\"@id\":\"https:\/\/labex-entreprendre.fr\/?page_id=2293\",\"url\":\"https:\/\/labex-entreprendre.fr\/?page_id=2293\",\"name\":\"Soutenances de th\u00e8se - Lab Entreprendre\",\"isPartOf\":{\"@id\":\"https:\/\/labex-entreprendre.fr\/#website\"},\"primaryImageOfPage\":{\"@id\":\"https:\/\/labex-entreprendre.fr\/?page_id=2293#primaryimage\"},\"image\":{\"@id\":\"https:\/\/labex-entreprendre.fr\/?page_id=2293#primaryimage\"},\"thumbnailUrl\":\"https:\/\/labex-entreprendre.online\/wp-content\/uploads\/2022\/02\/A.Lucciani-300x225.jpeg\",\"datePublished\":\"2022-02-02T11:55:59+00:00\",\"dateModified\":\"2022-02-02T11:56:00+00:00\",\"description\":\"Soutenances de th\u00e8se des doctorants du LabEx Entreprendre\",\"breadcrumb\":{\"@id\":\"https:\/\/labex-entreprendre.fr\/?page_id=2293#breadcrumb\"},\"inLanguage\":\"fr-FR\",\"potentialAction\":[{\"@type\":\"ReadAction\",\"target\":[\"https:\/\/labex-entreprendre.fr\/?page_id=2293\"]}]},{\"@type\":\"ImageObject\",\"inLanguage\":\"fr-FR\",\"@id\":\"https:\/\/labex-entreprendre.fr\/?page_id=2293#primaryimage\",\"url\":\"https:\/\/labex-entreprendre.online\/wp-content\/uploads\/2022\/02\/A.Lucciani-300x225.jpeg\",\"contentUrl\":\"https:\/\/labex-entreprendre.online\/wp-content\/uploads\/2022\/02\/A.Lucciani-300x225.jpeg\"},{\"@type\":\"BreadcrumbList\",\"@id\":\"https:\/\/labex-entreprendre.fr\/?page_id=2293#breadcrumb\",\"itemListElement\":[{\"@type\":\"ListItem\",\"position\":1,\"name\":\"Home\",\"item\":\"https:\/\/labex-entreprendre.fr\/\"},{\"@type\":\"ListItem\",\"position\":2,\"name\":\"Soutenances de th\u00e8se\"}]},{\"@type\":\"WebSite\",\"@id\":\"https:\/\/labex-entreprendre.fr\/#website\",\"url\":\"https:\/\/labex-entreprendre.fr\/\",\"name\":\"Lab Entreprendre\",\"description\":\"Universit\u00e9 de Montpellier\",\"potentialAction\":[{\"@type\":\"SearchAction\",\"target\":{\"@type\":\"EntryPoint\",\"urlTemplate\":\"https:\/\/labex-entreprendre.fr\/?s={search_term_string}\"},\"query-input\":{\"@type\":\"PropertyValueSpecification\",\"valueRequired\":true,\"valueName\":\"search_term_string\"}}],\"inLanguage\":\"fr-FR\"}]}<\/script>\n<!-- \/ Yoast SEO plugin. -->","yoast_head_json":{"title":"Soutenances de th\u00e8se - Lab Entreprendre","description":"Soutenances de th\u00e8se des doctorants du LabEx Entreprendre","robots":{"index":"index","follow":"follow","max-snippet":"max-snippet:-1","max-image-preview":"max-image-preview:large","max-video-preview":"max-video-preview:-1"},"canonical":"https:\/\/labex-entreprendre.fr\/?page_id=2293","og_locale":"fr_FR","og_type":"article","og_title":"Soutenances de th\u00e8se - Lab Entreprendre","og_description":"Soutenances de th\u00e8se des doctorants du LabEx Entreprendre","og_url":"https:\/\/labex-entreprendre.fr\/?page_id=2293","og_site_name":"Lab Entreprendre","article_modified_time":"2022-02-02T11:56:00+00:00","og_image":[{"url":"https:\/\/labex-entreprendre.online\/wp-content\/uploads\/2022\/02\/A.Lucciani-300x225.jpeg"}],"twitter_card":"summary_large_image","twitter_misc":{"Dur\u00e9e de lecture estim\u00e9e":"2 minutes"},"schema":{"@context":"https:\/\/schema.org","@graph":[{"@type":"WebPage","@id":"https:\/\/labex-entreprendre.fr\/?page_id=2293","url":"https:\/\/labex-entreprendre.fr\/?page_id=2293","name":"Soutenances de th\u00e8se - Lab Entreprendre","isPartOf":{"@id":"https:\/\/labex-entreprendre.fr\/#website"},"primaryImageOfPage":{"@id":"https:\/\/labex-entreprendre.fr\/?page_id=2293#primaryimage"},"image":{"@id":"https:\/\/labex-entreprendre.fr\/?page_id=2293#primaryimage"},"thumbnailUrl":"https:\/\/labex-entreprendre.online\/wp-content\/uploads\/2022\/02\/A.Lucciani-300x225.jpeg","datePublished":"2022-02-02T11:55:59+00:00","dateModified":"2022-02-02T11:56:00+00:00","description":"Soutenances de th\u00e8se des doctorants du LabEx Entreprendre","breadcrumb":{"@id":"https:\/\/labex-entreprendre.fr\/?page_id=2293#breadcrumb"},"inLanguage":"fr-FR","potentialAction":[{"@type":"ReadAction","target":["https:\/\/labex-entreprendre.fr\/?page_id=2293"]}]},{"@type":"ImageObject","inLanguage":"fr-FR","@id":"https:\/\/labex-entreprendre.fr\/?page_id=2293#primaryimage","url":"https:\/\/labex-entreprendre.online\/wp-content\/uploads\/2022\/02\/A.Lucciani-300x225.jpeg","contentUrl":"https:\/\/labex-entreprendre.online\/wp-content\/uploads\/2022\/02\/A.Lucciani-300x225.jpeg"},{"@type":"BreadcrumbList","@id":"https:\/\/labex-entreprendre.fr\/?page_id=2293#breadcrumb","itemListElement":[{"@type":"ListItem","position":1,"name":"Home","item":"https:\/\/labex-entreprendre.fr\/"},{"@type":"ListItem","position":2,"name":"Soutenances de th\u00e8se"}]},{"@type":"WebSite","@id":"https:\/\/labex-entreprendre.fr\/#website","url":"https:\/\/labex-entreprendre.fr\/","name":"Lab Entreprendre","description":"Universit\u00e9 de Montpellier","potentialAction":[{"@type":"SearchAction","target":{"@type":"EntryPoint","urlTemplate":"https:\/\/labex-entreprendre.fr\/?s={search_term_string}"},"query-input":{"@type":"PropertyValueSpecification","valueRequired":true,"valueName":"search_term_string"}}],"inLanguage":"fr-FR"}]}},"_links":{"self":[{"href":"https:\/\/labex-entreprendre.fr\/index.php?rest_route=\/wp\/v2\/pages\/2293","targetHints":{"allow":["GET"]}}],"collection":[{"href":"https:\/\/labex-entreprendre.fr\/index.php?rest_route=\/wp\/v2\/pages"}],"about":[{"href":"https:\/\/labex-entreprendre.fr\/index.php?rest_route=\/wp\/v2\/types\/page"}],"author":[{"embeddable":true,"href":"https:\/\/labex-entreprendre.fr\/index.php?rest_route=\/wp\/v2\/users\/3"}],"replies":[{"embeddable":true,"href":"https:\/\/labex-entreprendre.fr\/index.php?rest_route=%2Fwp%2Fv2%2Fcomments&post=2293"}],"version-history":[{"count":3,"href":"https:\/\/labex-entreprendre.fr\/index.php?rest_route=\/wp\/v2\/pages\/2293\/revisions"}],"predecessor-version":[{"id":2303,"href":"https:\/\/labex-entreprendre.fr\/index.php?rest_route=\/wp\/v2\/pages\/2293\/revisions\/2303"}],"wp:attachment":[{"href":"https:\/\/labex-entreprendre.fr\/index.php?rest_route=%2Fwp%2Fv2%2Fmedia&parent=2293"}],"curies":[{"name":"wp","href":"https:\/\/api.w.org\/{rel}","templated":true}]}}